1). Let y be s(x). What is the greatest common divisor of 2 and y?
1
Let a be ((-48)/(-9))/(3/(9 + 0)). Calculate the highest common divisor of a and 256.
16
Let l = -128 + 138. Calculate the highest common factor of 250 and l.
10
Let q = -215 + 219. What is the greatest common factor of 60 and q?
4
Let n(u) = -u**3 + 38*u**2 - u + 74. Let d be n(38). Calculate the greatest common factor of d and 54.
18
Let s be 5/((-5)/4) + 1. Let c = s + 6. Suppose -3*o - g = -89, -2*o + 87 = o + c*g. What is the highest common factor of o and 75?
15
Let z = -541 - -555. Calculate the highest common divisor of 658 and z.
14
Suppose -3*r = -0*r + 12. Let m be 208/3 + r/(-6). Suppose -84 = -11*x + 8*x. What is the greatest common factor of x and m?
14
Suppose 0 = -2*c - 5*q + 502, 13*c = 11*c + q + 526. Calculate the highest common factor of c and 27.
9
Let l be 8/(7/(7308/8)). Calculate the highest common divisor of l and 36.
36
Let g(k) = -k**3 - 9*k**2 + 26*k - 3. Let l be g(-12). Calculate the greatest common factor of l and 1.
1
Suppose 0 = -4*q - 3*w + 3393, 2*q + 5*w - 2369 + 690 = 0. Calculate the greatest common divisor of 84 and q.
12
Suppose v = 2*v. Suppose v*r + 2*r - 384 = 0. Let l = -104 + r. What is the greatest common divisor of 11 and l?
11
Let k be (-769)/(-6) + (-1)/6. Calculate the highest common factor of k and 64.
64
Let s be (1 + 0)/(7/(-42)). Let b = s - -87. Suppose 8*a = 2*a + 54. What is the highest common divisor of b and a?
9
Suppose 81*b + 768 = 85*b. Calculate the greatest common factor of b and 24.
24
Suppose 11*r - 860 = 97. Let g = -8 - -11. Let y = g + r. What is the highest common divisor of y and 36?
18
Let k be ((-1320)/(-8))/5 - 4. What is the greatest common divisor of k and 1?
1
Let a(r) = 26*r**2 - 2*r. Let s be a(-2). Let n be (12/(-8))/(3/s). Let b be 9/(n/4)*-3. Calculate the greatest common divisor of 3 and b.
1
Let c be -1 + 2/((-6)/(-15)). Let f be c/14 - (-2073)/21. Calculate the greatest common factor of f and 18.
9
Suppose 4 = m + 2*q, 17 - 4 = m - q. Let f = 10 - 5. Calculate the highest common factor of m and f.
5
Let j(g) = 4*g + 5. Let x be j(5). Suppose -5*l = -3*f + 25, -f + l = -4*l - x. Suppose f = d - 133 - 43. What is the highest common divisor of d and 16?
16
Suppose 0 = 7*j - 21, -4*b + 2764 = b + 3*j. Calculate the greatest common divisor of 116 and b.
29
Let v(r) = 3*r - 5. Let m be v(4). Let a(l) = l**2 + 4*l + 3. Let g = 5 + 1. Let n be a(g). What is the highest common divisor of n and m?
7
Let b = 36 - 21. Suppose -b = -x - 7*r + 4*r, -x - 2*r + 13 = 0. Calculate the greatest common divisor of x and 54.
9
Let c = 10 - 8. Suppose -c*x + 3*x = 28. Let n(s) = s**3 - 3*s**2 + 2*s - 8. Let d be n(6). Calculate the highest common factor of x and d.
28
Let s(a) = -a**3 + 32*a**2 - 34*a + 180. Let l be s(30). What is the highest common factor of l and 15?
15
Suppose -27 = -23*r + 20*r. Suppose -7*a - 138 = -r*a. Calculate the greatest common divisor of a and 46.
23
Let m(o) = 4*o. Let u be m(3). Let s(r) = r**2 + 9*r + 60. Let w be s(-9). What is the greatest common factor of u and w?
12
Let f = -2105 + 2401. Calculate the greatest common factor of 259 and f.
37
Let l be ((-268)/(-6))/(40/(-12) - -4). What is the highest common factor of l and 2077?
67
Let s = -20 - -11. Let u be (-2)/(-6)*s/(-3). Suppose -5*q - 25 = 0, -3*q - q - 9 = z. Calculate the greatest common divisor of u and z.
1
Let q = -381 - -389. Suppose -3*n = n - 8. Suppose n*p = -3*a + 160, a + a + 3*p = 100. Calculate the greatest common factor of a and q.
8
Let r(n) = 2*n + 6. Let m be r(1). Let s be (-3139)/(-344) - 1/m. Let f = 28 - -17. What is the highest common factor of f and s?
9
Let c = -25 - -29. Suppose c*y - 53 = 11. Let j = -1 + 145. Calculate the greatest common factor of j and y.
16
Suppose -4*y + 2*m + 1926 = 0, 4*y - m - 3*m - 1916 = 0. Calculate the greatest common divisor of 44 and y.
44
Let k(m) = 48*m**2 - 22*m + 53. Let s be k(6). What is the highest common divisor of s and 17?
17
Let c = 5 - -4. Let k = 55 - -44. What is the highest common factor of c and k?
9
Let f(d) = -3*d - 31. Let p be f(-11). Suppose c - 18 = p*b, 5*b + 0*b = 15. Calculate the highest common factor of c and 84.
12
Let m(s) = -35*s**3 + s**2 - 7*s + 47. Let u be m(-4). Calculate the greatest common divisor of u and 126.
63
Let j = 227 - 92. What is the highest common factor of 15 and j?
15
Suppose -755*v + 758*v = 72. What is the highest common divisor of 1128 and v?
24
Suppose 3*a + 13 - 115 = 0. Suppose -2*q = 2*q + 76. Let z = a + q. What is the greatest common factor of 5 and z?
5
Suppose 7*i + 245 = 8*i + 5*g, 5*i - 1202 = -2*g. What is the highest common divisor of i and 3?
3
Let l = -29 - -61. Let i(f) = -3*f**2 - 22*f - 7. Let h be i(-7). Suppose h = -9*t + 3 + 69. Calculate the highest common factor of t and l.
8
Let d be (-2 - 9/(-6))/(4/(-560)). What is the highest common divisor of d and 266?
14
Let c(g) = g**2 + 3*g. Let w be c(-4). Suppose -w*t - u + 72 = -109, u = 3*t - 134. Let f be (7/(-21))/((-1)/t). What is the highest common divisor of f and 3?
3
Suppose -5 = -v - 5. Let j be 2 - v - (-28)/2. Calculate the highest common divisor of j and 128.
16
Let y(i) = -12*i - 4. Let x be y(-4). Let m = -37 - -34. Let r be ((-1)/m)/((-1)/(1*-33)). Calculate the highest common factor of x and r.
11
Suppose 4*o - 538 = -0*o - h, -4*h + 667 = 5*o. Suppose 0 = -51*m - 21*m + 1829 + 4651. What is the greatest common divisor of m and o?
45
Let n(v) = v**3 - 5*v**2 + 5*v + 3. Let l be n(4). Let i(w) = -26*w - 1452. Let z be i(-58). Calculate the greatest common factor of z and l.
7
Let f(l) = -l - 8. Let y be f(-11). Let d(o) = 2*o**2 - 2*o + 2. Let c be d(y). What is the greatest common divisor of c and 2?
2
Suppose -3*k + 1 = -5. Suppose -k*p + j + 5 = 0, -1 = -2*j - 3. Suppose -69 = -p*c - 21. What is the highest common factor of 36 and c?
12
Let m(a) = a**3 + 2*a**2 - a - 6. Let v be m(3). Suppose 3*x = 2*x + v. Calculate the highest common divisor of 324 and x.
36
Let m(k) = -26*k**3 - 2*k**2 - 2*k - 1. Let l be m(-1). Suppose 0 = 1335*u - 1338*u + 375. Calculate the highest common factor of u and l.
25
Let z(q) = 39*q**2 + 9*q + 8. Let t be z(-1). Calculate the greatest common divisor of 114 and t.
38
Suppose 2*a + 104 = 4*a. Let u = a + -22. What is the greatest common divisor of u and 12?
6
Suppose 0 = 7*f - f - 2352. Calculate the greatest common factor of 28 and f.
28
Let r(v) = v**3 + 6*v**2 - 4*v - 13. Suppose -3*b - 26 = -8. Let h be r(b). What is the highest common divisor of 110 and h?
11
Suppose -4*n + u = 2*u - 5, -u = -3*n + 2. Let o be (-406)/8 + n/(-4). Let b = o - -114. Calculate the highest common divisor of 9 and b.
9
Suppose -3*n = -4*n. Suppose -4*h + f + 88 = n, -h + 3*h + 3*f = 58. Let x = h - 11. Calculate the highest common divisor of 132 and x.
12
Suppose -5*z + 138 = 3*x - 206, 2*x + 214 = 3*z. Calculate the greatest common factor of z and 180.
10
Let h be (-33)/6*2*-1. Suppose -160*g + 162*g = 22. What is the highest common divisor of g and h?
11
Let y(n) = -3*n**3 - n**2 + n + 29. Let b be y(-5). What is the highest common divisor of 22 and b?
22
Let x be 104/2 - (-6 + 4). Let h be (12/(-2))/((-6)/(-8)). Let k be (3 + (-516)/h)*2. Calculate the highest common divisor of k and x.
27
Let o(m) = 99*m**3 + m**2 - 4*m + 3. Let i be o(1). Calculate the highest common factor of 9 and i.
9
Let x(a) = a**3 - 13*a**2 + 14*a - 2. Let i be x(12). Suppose 0 = 4*p - p + 9. Let b be 111/5 + p/15. What is the highest common divisor of i and b?
22
Suppose -a + 7 = v - 6, 5*v - 100 = 2*a. Calculate the highest common factor of 18 and v.
18
Suppose -384 = -18*n - 30*n. Calculate the highest common factor of n and 56.
8
Let y(n) = n**2 - 12*n - 88. Let l be y(18). Let q = 11 + -3. What is the greatest common factor of q and l?
4
Let s(l) = l**2 - l - 1. Let d(o) = -3*o**2 + 13*o + 17. Let z(c) = d(c) + 4*s(c). Let h be z(-8). What is the highest common divisor of h and 5?
5
Let l = 22 + 32. Suppose 0 = -k - l + 95. What is the greatest common divisor of 369 and k?
41
Let t be (3 - (-252 - 4)) + -3. Suppose 12 = 5*w + 32, -w + t = 4*x. What is the highest common divisor of x and 39?
13
Let j be (-4)/(-12) - 16/(-6). Let l 